{"id":516,"date":"2023-10-08T18:42:25","date_gmt":"2023-10-08T16:42:25","guid":{"rendered":"http:\/\/debossmouv.com\/?page_id=516"},"modified":"2023-10-24T10:04:15","modified_gmt":"2023-10-24T08:04:15","slug":"renovation-carrosserie","status":"publish","type":"page","link":"https:\/\/debossmouv.com\/?page_id=516","title":{"rendered":"R\u00c9NOVATION PHARES"},"content":{"rendered":"\n\n\t<section class=\"section\" id=\"section_956935162\">\n\t\t<div class=\"section-bg fill\" >\n\t\t\t\t\t\t\t\t\t\n\t\t\t\n\t<div class=\"is-border\"\n\t\tstyle=\"border-width:0px 0px 0px 0px;\">\n\t<\/div>\n\n\t\t<\/div>\n\n\t\t\n\t<div class=\"ux-shape-divider ux-shape-divider--bottom ux-shape-divider--style-waves-opacity-3 ux-shape-divider--to-front\">\n\t\t<svg viewBox=\"0 0 1000 300\" xmlns=\"http:\/\/www.w3.org\/2000\/svg\" preserveAspectRatio=\"none\">\n\t<path class=\"ux-shape-fill\" opacity=\"0.05\" d=\"M1014 264V386H206L34 300C34 300 344.42 277.16 436 221C542 156 590 160 704 209C811 255 899.11 214.94 979 346L1014 264Z\"\/>\n\t<path class=\"ux-shape-fill\" opacity=\"0.1\" d=\"M-302 55C-302 55 -66.73 263.25 50 214C178 160 283 116 353 141C445.68 174.1 534.28 256.19 588 249C692.9 235 764.52 75.94 855 131C940.61 183.09 1000 254 1000 254V328L-306 338L-302 55Z\"\/>\n\t<path class=\"ux-shape-fill\" opacity=\"0.15\" d=\"M-286 255C-286 255 -72 152 52 126C176 100 255 155 436 227C581.57 284.91 614.7 277.79 708 227C787 184 1009 3.0001 1093 164C1146 265.63 1031 293 1031 293L924 377L-288 389L-286 255Z\"\/>\n\t<path class=\"ux-shape-fill\" opacity=\"0.3\" d=\"M-24 69C-24 69 275.68 370.66 389 314C397 310 622 316 673 356C690.47 369.7 845 224 890 182C944.8 130.85 1018 92 1078 143C1154.12 207.7 1196 242 1196 242L1184 374L-28 386L-24 69Z\"\/>\n\t<path class=\"ux-shape-fill\" d=\"M-12 201C-12 201 58 284 182 258C306 232 342.29 221.23 456 264C565 305 640.82 288.36 721 249C776 222 837.5 191.31 935 253C984 284 1030 279 1030 279L1024 430L-12 440V201Z\"\/>\n<\/svg>\n\t<\/div>\n\n\t\t<div class=\"section-content relative\">\n\t\t\t\n\n<div class=\"slider-wrapper relative\" id=\"slider-1134819440\" >\n    <div class=\"slider slider-nav-circle slider-nav-large slider-nav-light slider-style-normal\"\n        data-flickity-options='{\n            \"cellAlign\": \"center\",\n            \"imagesLoaded\": true,\n            \"lazyLoad\": 1,\n            \"freeScroll\": false,\n            \"wrapAround\": true,\n            \"autoPlay\": 6000,\n            \"pauseAutoPlayOnHover\" : true,\n            \"prevNextButtons\": true,\n            \"contain\" : true,\n            \"adaptiveHeight\" : true,\n            \"dragThreshold\" : 10,\n            \"percentPosition\": true,\n            \"pageDots\": true,\n            \"rightToLeft\": false,\n            \"draggable\": true,\n            \"selectedAttraction\": 0.1,\n            \"parallax\" : 0,\n            \"friction\": 0.6        }'\n        >\n        \n\n\n  <div class=\"banner has-hover has-slide-effect slide-fade-in\" id=\"banner-119207422\">\n          <div class=\"banner-inner fill\">\n        <div class=\"banner-bg fill\" >\n            <img loading=\"lazy\" decoding=\"async\" width=\"1020\" height=\"575\" src=\"https:\/\/debossmouv.com\/wp-content\/uploads\/2023\/10\/Depositphotos_273911556_XL-1400x789.jpg\" class=\"bg attachment-large size-large\" alt=\"\" \/>                        <div class=\"overlay\"><\/div>            \n                    <\/div>\n\t\t\n        <div class=\"banner-layers container\">\n            <div class=\"fill banner-link\"><\/div>            \n\n   <div id=\"text-box-1943219119\" class=\"text-box banner-layer text-box-circle x50 md-x0 lg-x0 y25 md-y95 lg-y95 res-text\">\n                     <div data-animate=\"bounceIn\">           <div class=\"text-box-content text dark\">\n              \n              <div class=\"text-inner text-center\">\n                  \n\n\t<div id=\"text-50581492\" class=\"text\">\n\t\t\n\n<h5 class=\"uppercase\">besoin d&rsquo;une r\u00e9novation de PHARES ?<\/h5>\n<p>Vous \u00eates au bon endroit, nous sommes les sp\u00e9cialistes de la r\u00e9novation de phares.<\/p>\n\n\t\t\n<style>\n#text-50581492 {\n  color: rgb(255,255,255);\n}\n#text-50581492 > * {\n  color: rgb(255,255,255);\n}\n<\/style>\n\t<\/div>\n\t\n<a data-animate=\"bounceIn\" href=\"https:\/\/debossmouv.com\/?page_id=497\" class=\"button primary\" style=\"border-radius:45px;\">\n\t\t<span>Contactez-nous<\/span>\n\t<\/a>\n\n\n\n              <\/div>\n           <\/div>\n       <\/div>                     \n<style>\n#text-box-1943219119 .text-inner {\n  padding: 0px 20px 0px 20px;\n}\n#text-box-1943219119 {\n  width: 71%;\n}\n#text-box-1943219119 .text-box-content {\n  font-size: 100%;\n}\n@media (min-width:550px) {\n  #text-box-1943219119 {\n    width: 58%;\n  }\n}\n<\/style>\n    <\/div>\n \n\n        <\/div>\n      <\/div>\n\n            \n<style>\n#banner-119207422 {\n  padding-top: 800px;\n  background-color: rgb(0,0,0);\n}\n#banner-119207422 .overlay {\n  background-color: rgba(0, 0, 0, 0.17);\n}\n#banner-119207422 .banner-bg img {\n  object-position: 38% 76%;\n}\n<\/style>\n  <\/div>\n\n\n\n     <\/div>\n\n     <div class=\"loading-spin dark large centered\"><\/div>\n\n\t<\/div>\n\n\n\n\t\t<\/div>\n\n\t\t\n<style>\n#section_956935162 {\n  padding-top: 0px;\n  padding-bottom: 0px;\n  background-color: rgb(0,0,0);\n}\n#section_956935162 .ux-shape-divider--bottom svg {\n  height: 150px;\n  --divider-width: 300%;\n}\n#section_956935162 .ux-shape-divider--bottom .ux-shape-fill {\n  fill: rgb(0,0,0);\n}\n@media (min-width:550px) {\n  #section_956935162 .ux-shape-divider--bottom svg {\n    --divider-width: 122%;\n  }\n}\n<\/style>\n\t<\/section>\n\t\n\n\t<section class=\"section\" id=\"section_1050389120\">\n\t\t<div class=\"section-bg fill\" >\n\t\t\t\t\t\t\t\t\t\n\t\t\t\n\n\t\t<\/div>\n\n\t\t\n\n\t\t<div class=\"section-content relative\">\n\t\t\t\n\n\t<div id=\"gap-1437224896\" class=\"gap-element clearfix\" style=\"display:block; height:auto;\">\n\t\t\n<style>\n#gap-1437224896 {\n  padding-top: 100px;\n}\n<\/style>\n\t<\/div>\n\t\n\n<div class=\"container section-title-container\" ><h2 class=\"section-title section-title-center\"><b aria-hidden=\"true\"><\/b><span class=\"section-title-main\" style=\"color:rgb(184, 151, 70);\">\u20ac  NOS TARIFS :<\/span><b aria-hidden=\"true\"><\/b><\/h2><\/div>\n\n\t<div id=\"text-2698053585\" class=\"text\">\n\t\t\n\n<p>R\u00e9novation paire de phares : 50\u20ac<\/p>\n\t\t\n<style>\n#text-2698053585 {\n  text-align: center;\n}\n<\/style>\n\t<\/div>\n\t\n\n\t\t<\/div>\n\n\t\t\n<style>\n#section_1050389120 {\n  padding-top: 30px;\n  padding-bottom: 30px;\n}\n<\/style>\n\t<\/section>\n\t\n\n\t<section class=\"section\" id=\"section_1702021113\">\n\t\t<div class=\"section-bg fill\" >\n\t\t\t\t\t\t\t\t\t\n\t\t\t\n\t<div class=\"is-border\"\n\t\tstyle=\"border-width:0px 0px 0px 0px;\">\n\t<\/div>\n\n\t\t<\/div>\n\n\t\t\n\n\t\t<div class=\"section-content relative\">\n\t\t\t\n\n<div class=\"container section-title-container\" ><h2 class=\"section-title section-title-center\"><b aria-hidden=\"true\"><\/b><span class=\"section-title-main\" style=\"color:rgb(184, 151, 70);\"><i class=\"icon-plus\" aria-hidden=\"true\"><\/i>D'INFO :<\/span><b aria-hidden=\"true\"><\/b><\/h2><\/div>\n\n<div class=\"row\"  id=\"row-1462174867\">\n\n\n\t<div id=\"col-1061802053\" class=\"col medium-6 small-12 large-6\"  >\n\t\t\t\t<div class=\"col-inner\"  >\n\t\t\t\n\t\t\t\n\n<h3>La r\u00e9novation des optiques de phares c\u2019est quoi ?<\/h3>\n<p>\u00catre un professionnel de la r\u00e9novation d\u2019optiques de phares demande une formation en pr\u00e9paration esth\u00e9tique automobile et formation pon\u00e7age et polissage.<\/p>\n<p>D\u00e9roulement d\u2019une r\u00e9novation des optiques de phares :<\/p>\n<ol>\n<li>La premi\u00e8re \u00e9tape est la pr\u00e9paration de l\u2019espace de travail et du mat\u00e9riel.<\/li>\n<li>Mise en place du v\u00e9hicule ou des phares d\u00e9mont\u00e9s sur l\u2019espace de travail.<\/li>\n<li>Pon\u00e7age des phares \u00e0 la ponceuse orbitale pour obtenir un r\u00e9sultat uniforme et sans trace.<\/li>\n<li>Faire remonter la brillance jusqu\u2019\u00e0 ce que le phare redevienne translucide, deux m\u00e9thodes possibles, par polym\u00e9risation ou polissage \u00e0 la polisseuse rotative avec un pad et un polish appropri\u00e9.<\/li>\n<li>Polissage de finition pour redonner de la brillance aux phares.<\/li>\n<li>Protection des phares avec la pose d\u2019un traitement c\u00e9ramique.<\/li>\n<\/ol>\n<p>L\u2019objectif d\u2019une r\u00e9novation d\u2019optiques de phares est que les phares soient dans un \u00e9tat le plus proche du neuf possible. <a href=\"https:\/\/formationdetailing.com\/fiche-activite\/fiche-activite-renovation-doptiques-de-phares\/#:~:text=Une%20r%C3%A9novation%20d'optiques%20de,et%20formation%20pon%C3%A7age%20et%20polissage.\">(source formationdetailing.com)<\/a><\/p>\n\n\t\t<\/div>\n\t\t\t\t\t<\/div>\n\n\t\n\n\t<div id=\"col-859593568\" class=\"col medium-6 small-12 large-6\"  >\n\t\t\t\t<div class=\"col-inner\"  >\n\t\t\t\n\t\t\t\n\n\t<div class=\"img has-hover x md-x lg-x y md-y lg-y\" id=\"image_1729004060\">\n\t\t\t\t\t\t\t\t<div class=\"img-inner dark\" >\n\t\t\t<img loading=\"lazy\" decoding=\"async\" width=\"2560\" height=\"1707\" src=\"https:\/\/debossmouv.com\/wp-content\/uploads\/2023\/10\/Depositphotos_142099300_XL-scaled.jpg\" class=\"attachment-original size-original\" alt=\"\" srcset=\"https:\/\/debossmouv.com\/wp-content\/uploads\/2023\/10\/Depositphotos_142099300_XL-scaled.jpg 2560w, https:\/\/debossmouv.com\/wp-content\/uploads\/2023\/10\/Depositphotos_142099300_XL-600x400.jpg 600w, https:\/\/debossmouv.com\/wp-content\/uploads\/2023\/10\/Depositphotos_142099300_XL-1200x800.jpg 1200w, https:\/\/debossmouv.com\/wp-content\/uploads\/2023\/10\/Depositphotos_142099300_XL-768x512.jpg 768w, https:\/\/debossmouv.com\/wp-content\/uploads\/2023\/10\/Depositphotos_142099300_XL-1536x1024.jpg 1536w, https:\/\/debossmouv.com\/wp-content\/uploads\/2023\/10\/Depositphotos_142099300_XL-2048x1365.jpg 2048w\" sizes=\"auto, (max-width: 2560px) 100vw, 2560px\" \/>\t\t\t\t\t\t\n\t\t\t\t\t<\/div>\n\t\t\t\t\t\t\t\t\n<style>\n#image_1729004060 {\n  width: 100%;\n}\n<\/style>\n\t<\/div>\n\t\n\n\n\t\t<\/div>\n\t\t\t\t\t<\/div>\n\n\t\n\n<\/div>\n\n\t\t<\/div>\n\n\t\t\n<style>\n#section_1702021113 {\n  padding-top: 30px;\n  padding-bottom: 30px;\n  background-color: rgb(0,0,0);\n}\n<\/style>\n\t<\/section>\n\t\n\n","protected":false},"excerpt":{"rendered":"","protected":false},"author":1,"featured_media":21,"parent":0,"menu_order":1,"comment_status":"closed","ping_status":"closed","template":"page-transparent-header-light.php","meta":{"footnotes":""},"class_list":["post-516","page","type-page","status-publish","has-post-thumbnail","hentry"],"_links":{"self":[{"href":"https:\/\/debossmouv.com\/index.php?rest_route=\/wp\/v2\/pages\/516","targetHints":{"allow":["GET"]}}],"collection":[{"href":"https:\/\/debossmouv.com\/index.php?rest_route=\/wp\/v2\/pages"}],"about":[{"href":"https:\/\/debossmouv.com\/index.php?rest_route=\/wp\/v2\/types\/page"}],"author":[{"embeddable":true,"href":"https:\/\/debossmouv.com\/index.php?rest_route=\/wp\/v2\/users\/1"}],"replies":[{"embeddable":true,"href":"https:\/\/debossmouv.com\/index.php?rest_route=%2Fwp%2Fv2%2Fcomments&post=516"}],"version-history":[{"count":22,"href":"https:\/\/debossmouv.com\/index.php?rest_route=\/wp\/v2\/pages\/516\/revisions"}],"predecessor-version":[{"id":696,"href":"https:\/\/debossmouv.com\/index.php?rest_route=\/wp\/v2\/pages\/516\/revisions\/696"}],"wp:featuredmedia":[{"embeddable":true,"href":"https:\/\/debossmouv.com\/index.php?rest_route=\/wp\/v2\/media\/21"}],"wp:attachment":[{"href":"https:\/\/debossmouv.com\/index.php?rest_route=%2Fwp%2Fv2%2Fmedia&parent=516"}],"curies":[{"name":"wp","href":"https:\/\/api.w.org\/{rel}","templated":true}]}}