{"id":484,"date":"2023-10-08T15:35:34","date_gmt":"2023-10-08T13:35:34","guid":{"rendered":"http:\/\/debossmouv.com\/?page_id=484"},"modified":"2023-10-24T10:04:59","modified_gmt":"2023-10-24T08:04:59","slug":"renovations-carrosserie","status":"publish","type":"page","link":"https:\/\/debossmouv.com\/?page_id=484","title":{"rendered":"R\u00c9NOVATION CARROSSERIE"},"content":{"rendered":"\n\n\t<section class=\"section\" id=\"section_2090657131\">\n\t\t<div class=\"section-bg fill\" >\n\t\t\t\t\t\t\t\t\t\n\t\t\t\n\t<div class=\"is-border\"\n\t\tstyle=\"border-width:0px 0px 0px 0px;\">\n\t<\/div>\n\n\t\t<\/div>\n\n\t\t\n\t<div class=\"ux-shape-divider ux-shape-divider--bottom ux-shape-divider--style-waves-opacity-3 ux-shape-divider--to-front\">\n\t\t<svg viewBox=\"0 0 1000 300\" xmlns=\"http:\/\/www.w3.org\/2000\/svg\" preserveAspectRatio=\"none\">\n\t<path class=\"ux-shape-fill\" opacity=\"0.05\" d=\"M1014 264V386H206L34 300C34 300 344.42 277.16 436 221C542 156 590 160 704 209C811 255 899.11 214.94 979 346L1014 264Z\"\/>\n\t<path class=\"ux-shape-fill\" opacity=\"0.1\" d=\"M-302 55C-302 55 -66.73 263.25 50 214C178 160 283 116 353 141C445.68 174.1 534.28 256.19 588 249C692.9 235 764.52 75.94 855 131C940.61 183.09 1000 254 1000 254V328L-306 338L-302 55Z\"\/>\n\t<path class=\"ux-shape-fill\" opacity=\"0.15\" d=\"M-286 255C-286 255 -72 152 52 126C176 100 255 155 436 227C581.57 284.91 614.7 277.79 708 227C787 184 1009 3.0001 1093 164C1146 265.63 1031 293 1031 293L924 377L-288 389L-286 255Z\"\/>\n\t<path class=\"ux-shape-fill\" opacity=\"0.3\" d=\"M-24 69C-24 69 275.68 370.66 389 314C397 310 622 316 673 356C690.47 369.7 845 224 890 182C944.8 130.85 1018 92 1078 143C1154.12 207.7 1196 242 1196 242L1184 374L-28 386L-24 69Z\"\/>\n\t<path class=\"ux-shape-fill\" d=\"M-12 201C-12 201 58 284 182 258C306 232 342.29 221.23 456 264C565 305 640.82 288.36 721 249C776 222 837.5 191.31 935 253C984 284 1030 279 1030 279L1024 430L-12 440V201Z\"\/>\n<\/svg>\n\t<\/div>\n\n\t\t<div class=\"section-content relative\">\n\t\t\t\n\n<div class=\"slider-wrapper relative\" id=\"slider-51922051\" >\n    <div class=\"slider slider-nav-circle slider-nav-large slider-nav-light slider-style-normal\"\n        data-flickity-options='{\n            \"cellAlign\": \"center\",\n            \"imagesLoaded\": true,\n            \"lazyLoad\": 1,\n            \"freeScroll\": false,\n            \"wrapAround\": true,\n            \"autoPlay\": 6000,\n            \"pauseAutoPlayOnHover\" : true,\n            \"prevNextButtons\": true,\n            \"contain\" : true,\n            \"adaptiveHeight\" : true,\n            \"dragThreshold\" : 10,\n            \"percentPosition\": true,\n            \"pageDots\": true,\n            \"rightToLeft\": false,\n            \"draggable\": true,\n            \"selectedAttraction\": 0.1,\n            \"parallax\" : 0,\n            \"friction\": 0.6        }'\n        >\n        \n\n\n  <div class=\"banner has-hover has-slide-effect slide-fade-in\" id=\"banner-1742106262\">\n          <div class=\"banner-inner fill\">\n        <div class=\"banner-bg fill\" >\n            <img loading=\"lazy\" decoding=\"async\" width=\"1020\" height=\"679\" src=\"https:\/\/debossmouv.com\/wp-content\/uploads\/2023\/10\/Depositphotos_269291268_XL-1202x800.jpg\" class=\"bg attachment-large size-large\" alt=\"\" \/>                        <div class=\"overlay\"><\/div>            \n                    <\/div>\n\t\t\n        <div class=\"banner-layers container\">\n            <div class=\"fill banner-link\"><\/div>            \n\n   <div id=\"text-box-2111683095\" class=\"text-box banner-layer text-box-circle x50 md-x100 lg-x100 y20 md-y95 lg-y95 res-text\">\n                     <div data-animate=\"bounceIn\">           <div class=\"text-box-content text dark\">\n              \n              <div class=\"text-inner text-center\">\n                  \n\n\t<div id=\"text-1543042977\" class=\"text\">\n\t\t\n\n<h5 class=\"uppercase\">besoin d&rsquo;une r\u00e9novation de votre carrosserie ?<\/h5>\n<p>Vous \u00eates au bon endroit, nous sommes les sp\u00e9cialistes de la r\u00e9paration, du d\u00e9bosselage, du d\u00e9gr\u00ealage, du pon\u00e7age et de la peinture sur carrosserie.<\/p>\n\t\t\n<style>\n#text-1543042977 {\n  font-size: 0.75rem;\n  line-height: 1.05;\n  text-align: center;\n  color: rgb(255,255,255);\n}\n#text-1543042977 > * {\n  color: rgb(255,255,255);\n}\n<\/style>\n\t<\/div>\n\t\n<a data-animate=\"bounceIn\" href=\"https:\/\/debossmouv.com\/?page_id=497\" class=\"button primary\" style=\"border-radius:45px;\">\n\t\t<span>Contactez-nous<\/span>\n\t<\/a>\n\n\n\n              <\/div>\n           <\/div>\n       <\/div>                     \n<style>\n#text-box-2111683095 .text-inner {\n  padding: 0px 20px 0px 20px;\n}\n#text-box-2111683095 {\n  width: 74%;\n}\n#text-box-2111683095 .text-box-content {\n  font-size: 100%;\n}\n@media (min-width:550px) {\n  #text-box-2111683095 {\n    width: 61%;\n  }\n}\n<\/style>\n    <\/div>\n \n\n        <\/div>\n      <\/div>\n\n            \n<style>\n#banner-1742106262 {\n  padding-top: 800px;\n  background-color: rgb(0,0,0);\n}\n#banner-1742106262 .overlay {\n  background-color: rgba(0, 0, 0, 0.17);\n}\n#banner-1742106262 .banner-bg img {\n  object-position: 23% 49%;\n}\n<\/style>\n  <\/div>\n\n\n\n     <\/div>\n\n     <div class=\"loading-spin dark large centered\"><\/div>\n\n\t<\/div>\n\n\n\n\t\t<\/div>\n\n\t\t\n<style>\n#section_2090657131 {\n  padding-top: 0px;\n  padding-bottom: 0px;\n  background-color: rgb(0,0,0);\n}\n#section_2090657131 .ux-shape-divider--bottom svg {\n  height: 150px;\n  --divider-width: 300%;\n}\n#section_2090657131 .ux-shape-divider--bottom .ux-shape-fill {\n  fill: rgb(0,0,0);\n}\n@media (min-width:550px) {\n  #section_2090657131 .ux-shape-divider--bottom svg {\n    --divider-width: 122%;\n  }\n}\n<\/style>\n\t<\/section>\n\t\n\n\t<section class=\"section\" id=\"section_894320088\">\n\t\t<div class=\"section-bg fill\" >\n\t\t\t\t\t\t\t\t\t\n\t\t\t\n\n\t\t<\/div>\n\n\t\t\n\n\t\t<div class=\"section-content relative\">\n\t\t\t\n\n\t<div id=\"gap-938463044\" class=\"gap-element clearfix\" style=\"display:block; height:auto;\">\n\t\t\n<style>\n#gap-938463044 {\n  padding-top: 100px;\n}\n<\/style>\n\t<\/div>\n\t\n\n<div class=\"container section-title-container\" ><h2 class=\"section-title section-title-center\"><b aria-hidden=\"true\"><\/b><span class=\"section-title-main\" style=\"color:rgb(184, 151, 70);\">\u20ac  NOS TARIFS<\/span><b aria-hidden=\"true\"><\/b><\/h2><\/div>\n\n\t<div id=\"text-2202169861\" class=\"text\">\n\t\t\n\n<p style=\"text-align: center;\">R\u00c9PARATION CARROSSERIE : sur devis<\/p>\n<p style=\"text-align: center;\">D\u00c9BOSSELAGE : \u00e0 partir de 80\u20ac<\/p>\n<p style=\"text-align: center;\">D\u00c9GR\u00caLAGE : sur devis<\/p>\n<p style=\"text-align: center;\">PON\u00c7AGE : sur devis<\/p>\n<p style=\"text-align: center;\">PEINTURE : sur devis<\/p>\n\t\t\n<style>\n#text-2202169861 {\n  text-align: center;\n}\n<\/style>\n\t<\/div>\n\t\n\n\t\t<\/div>\n\n\t\t\n<style>\n#section_894320088 {\n  padding-top: 30px;\n  padding-bottom: 30px;\n}\n<\/style>\n\t<\/section>\n\t\n\n\t<section class=\"section\" id=\"section_1261537695\">\n\t\t<div class=\"section-bg fill\" >\n\t\t\t\t\t\t\t\t\t\n\t\t\t\n\t<div class=\"is-border\"\n\t\tstyle=\"border-width:0px 0px 0px 0px;\">\n\t<\/div>\n\n\t\t<\/div>\n\n\t\t\n\n\t\t<div class=\"section-content relative\">\n\t\t\t\n\n<div class=\"container section-title-container\" ><h2 class=\"section-title section-title-center\"><b aria-hidden=\"true\"><\/b><span class=\"section-title-main\" style=\"color:rgb(184, 151, 70);\"><i class=\"icon-plus\" aria-hidden=\"true\"><\/i>D'INFO :<\/span><b aria-hidden=\"true\"><\/b><\/h2><\/div>\n\n<div class=\"row\"  id=\"row-1787289264\">\n\n\n\t<div id=\"col-26631037\" class=\"col medium-6 small-12 large-6\"  >\n\t\t\t\t<div class=\"col-inner\"  >\n\t\t\t\n\t\t\t\n\n\t<div class=\"img has-hover x md-x lg-x y md-y lg-y\" id=\"image_1944096773\">\n\t\t\t\t\t\t\t\t<div class=\"img-inner image-cover dark\" style=\"padding-top:90%;\">\n\t\t\t<img loading=\"lazy\" decoding=\"async\" width=\"2560\" height=\"1709\" src=\"https:\/\/debossmouv.com\/wp-content\/uploads\/2023\/10\/Depositphotos_22826582_XL-scaled.jpg\" class=\"attachment-original size-original\" alt=\"\" srcset=\"https:\/\/debossmouv.com\/wp-content\/uploads\/2023\/10\/Depositphotos_22826582_XL-scaled.jpg 2560w, https:\/\/debossmouv.com\/wp-content\/uploads\/2023\/10\/Depositphotos_22826582_XL-599x400.jpg 599w, https:\/\/debossmouv.com\/wp-content\/uploads\/2023\/10\/Depositphotos_22826582_XL-1199x800.jpg 1199w, https:\/\/debossmouv.com\/wp-content\/uploads\/2023\/10\/Depositphotos_22826582_XL-768x513.jpg 768w, https:\/\/debossmouv.com\/wp-content\/uploads\/2023\/10\/Depositphotos_22826582_XL-1536x1025.jpg 1536w, https:\/\/debossmouv.com\/wp-content\/uploads\/2023\/10\/Depositphotos_22826582_XL-2048x1367.jpg 2048w\" sizes=\"auto, (max-width: 2560px) 100vw, 2560px\" \/>\t\t\t\t\t\t\n\t\t\t\t\t<\/div>\n\t\t\t\t\t\t\t\t\n<style>\n#image_1944096773 {\n  width: 100%;\n}\n<\/style>\n\t<\/div>\n\t\n\n\n\t\t<\/div>\n\t\t\t\t\t<\/div>\n\n\t\n\n\t<div id=\"col-269063718\" class=\"col medium-6 small-12 large-6\"  >\n\t\t\t\t<div class=\"col-inner\"  >\n\t\t\t\n\t\t\t\n\n<h3>Qu&rsquo;est-ce que le d\u00e9bosselage ou le d\u00e9gr\u00ealage ?<\/h3>\n<p>Dans le monde automobile, le d\u00e9bosselage sans peinture (DSP) est une technique permettant de retirer une petite bosse se trouvant sur la carrosserie d&rsquo;un v\u00e9hicule \u00e0 l&rsquo;aide d&rsquo;outils sp\u00e9cifiques.<\/p>\n<p>Le d\u00e9bosselage sans peinture se fait en dessous de la carrosserie, par de multiples micro-impulsions, qui au fur et \u00e0 mesure vont retirer la bosse sans ab\u00eemer la peinture, ce qui lui pr\u00e9vaut d&rsquo;\u00eatre une technique beaucoup moins co\u00fbteuse que celle d&rsquo;un carrossier, car elle ne n\u00e9cessite aucun d\u00e9montage d&rsquo;\u00e9l\u00e9ment.<\/p>\n<p>On doit ajouter que les assureurs pr\u00e9f\u00e8rent la technique du d\u00e9bosselage sans peinture \u00e0 celle de la carrosserie traditionnelle lorsque des voitures ont \u00e9t\u00e9 impact\u00e9es par la gr\u00eale, car elle est deux fois moins co\u00fbteuse. <a href=\"https:\/\/fr.wikipedia.org\/wiki\/D%C3%A9bosselage_sans_peinture#:~:text=Le%20d%C3%A9bosselage%20sans%20peinture%20se,n%C3%A9cessite%20aucun%20d%C3%A9montage%20d'%C3%A9l%C3%A9ment.\">(source Wikipedia).<\/a><\/p>\n<p>Le d\u00e9gr\u00ealage est la m\u00eame technique mais sur de plus petites bosses caus\u00e9es par la gr\u00eale.<\/p>\n\n\t\t<\/div>\n\t\t\t\t\t<\/div>\n\n\t\n\n<\/div>\n<div class=\"row\"  id=\"row-1962648113\">\n\n\n\t<div id=\"col-1856209373\" class=\"col medium-6 small-12 large-6\"  >\n\t\t\t\t<div class=\"col-inner\"  >\n\t\t\t\n\t\t\t\n\n<h3>Le pon\u00e7age de carrosserie c\u2019est quoi ?\u00a0<\/h3>\n<p>Un pon\u00e7age de la carrosserie d\u2019un v\u00e9hicule est une r\u00e9novation esth\u00e9tique automobile. Le pon\u00e7age carrosserie est rigoureux, pr\u00e9cis et minutieux ; il a pour but de supprimer les d\u00e9fauts situ\u00e9s sur la carrosserie d\u2019un v\u00e9hicule.<\/p>\n<p>Un pon\u00e7age de carrosserie corrige les d\u00e9fauts situ\u00e9s sur la carrosserie d\u2019un v\u00e9hicule et donne un aspect r\u00e9nov\u00e9 \u00e0 un v\u00e9hicule. Un pon\u00e7age de carrosserie \u00e0 pour but de supprimer les rayures profondes, les micro-rayures, la peau d\u2019orange et les hologrammes<\/p>\n<p>D\u00e9roulement d\u2019un Pon\u00e7age :<\/p>\n<ol>\n<li>Application du mastic et renouvellement du pon\u00e7age jusqu\u2019\u00e0 obtenir une surface lisse.<\/li>\n<li>D\u00e9buter le pon\u00e7age et corriger les imperfections.<\/li>\n<li>Application d\u2019une couche d\u2019appr\u00eat pour r\u00e9v\u00e9ler les \u00e9gratignures et les imperfections de la carrosserie.<\/li>\n<li>D\u00e9grossir l\u2019espace \u00e0 poncer afin d\u2019enlever les couches superficielles (vernis et peinture).<\/li>\n<li>Choix de la technique \u00e0 utiliser, pon\u00e7age manuel ou \u00e0 la ponceuse selon l\u2019\u00e9tendu de l\u2019espace \u00e0 corriger.<\/li>\n<li>Mise en place du v\u00e9hicule sur l\u2019espace de pon\u00e7age, pr\u00e9paration de l\u2019espace \u00e0 poncer, masquage des parties \u00e0 prot\u00e9ger, nettoyage et d\u00e9graissage.<\/li>\n<li>Choix du papier abrasif adapt\u00e9 \u00e0 la carrosserie pour r\u00e9aliser le pon\u00e7age.<\/li>\n<\/ol>\n<p>L\u2019objectif d\u2019un pon\u00e7age de carrosserie est de corriger les d\u00e9fauts situ\u00e9s sur la carrosserie d\u2019un v\u00e9hicule pour le pr\u00e9parer au passage en cabine \u00e0 peinture. <a href=\"https:\/\/formationdetailing.com\/fiche-activite\/fiche-activite-poncage-de-carrosserie\/#:~:text=Le%20Pon%C3%A7age%20de%20Voiture%20c,d'orange%20et%20les%20hologrammes.\">(source formationdetailing.com)<\/a><\/p>\n\n\t\t<\/div>\n\t\t\t\t\t<\/div>\n\n\t\n\n\t<div id=\"col-207246620\" class=\"col medium-6 small-12 large-6\"  >\n\t\t\t\t<div class=\"col-inner\"  >\n\t\t\t\n\t\t\t\n\n\t<div class=\"img has-hover x md-x lg-x y md-y lg-y\" id=\"image_1469724296\">\n\t\t\t\t\t\t\t\t<div class=\"img-inner image-cover dark\" style=\"padding-top:162%;\">\n\t\t\t<img loading=\"lazy\" decoding=\"async\" width=\"2560\" height=\"1704\" src=\"https:\/\/debossmouv.com\/wp-content\/uploads\/2023\/10\/Depositphotos_269291268_XL-scaled.jpg\" class=\"attachment-original size-original\" alt=\"\" srcset=\"https:\/\/debossmouv.com\/wp-content\/uploads\/2023\/10\/Depositphotos_269291268_XL-scaled.jpg 2560w, https:\/\/debossmouv.com\/wp-content\/uploads\/2023\/10\/Depositphotos_269291268_XL-601x400.jpg 601w, https:\/\/debossmouv.com\/wp-content\/uploads\/2023\/10\/Depositphotos_269291268_XL-1202x800.jpg 1202w, https:\/\/debossmouv.com\/wp-content\/uploads\/2023\/10\/Depositphotos_269291268_XL-768x511.jpg 768w, https:\/\/debossmouv.com\/wp-content\/uploads\/2023\/10\/Depositphotos_269291268_XL-1536x1022.jpg 1536w, https:\/\/debossmouv.com\/wp-content\/uploads\/2023\/10\/Depositphotos_269291268_XL-2048x1363.jpg 2048w\" sizes=\"auto, (max-width: 2560px) 100vw, 2560px\" \/>\t\t\t\t\t\t\n\t\t\t\t\t<\/div>\n\t\t\t\t\t\t\t\t\n<style>\n#image_1469724296 {\n  width: 100%;\n}\n<\/style>\n\t<\/div>\n\t\n\n\n\t\t<\/div>\n\t\t\t\t\t<\/div>\n\n\t\n\n<\/div>\n\n\t\t<\/div>\n\n\t\t\n<style>\n#section_1261537695 {\n  padding-top: 30px;\n  padding-bottom: 30px;\n  background-color: rgb(0,0,0);\n}\n<\/style>\n\t<\/section>\n\t\n\n","protected":false},"excerpt":{"rendered":"","protected":false},"author":1,"featured_media":21,"parent":0,"menu_order":1,"comment_status":"closed","ping_status":"closed","template":"page-transparent-header-light.php","meta":{"footnotes":""},"class_list":["post-484","page","type-page","status-publish","has-post-thumbnail","hentry"],"_links":{"self":[{"href":"https:\/\/debossmouv.com\/index.php?rest_route=\/wp\/v2\/pages\/484","targetHints":{"allow":["GET"]}}],"collection":[{"href":"https:\/\/debossmouv.com\/index.php?rest_route=\/wp\/v2\/pages"}],"about":[{"href":"https:\/\/debossmouv.com\/index.php?rest_route=\/wp\/v2\/types\/page"}],"author":[{"embeddable":true,"href":"https:\/\/debossmouv.com\/index.php?rest_route=\/wp\/v2\/users\/1"}],"replies":[{"embeddable":true,"href":"https:\/\/debossmouv.com\/index.php?rest_route=%2Fwp%2Fv2%2Fcomments&post=484"}],"version-history":[{"count":40,"href":"https:\/\/debossmouv.com\/index.php?rest_route=\/wp\/v2\/pages\/484\/revisions"}],"predecessor-version":[{"id":697,"href":"https:\/\/debossmouv.com\/index.php?rest_route=\/wp\/v2\/pages\/484\/revisions\/697"}],"wp:featuredmedia":[{"embeddable":true,"href":"https:\/\/debossmouv.com\/index.php?rest_route=\/wp\/v2\/media\/21"}],"wp:attachment":[{"href":"https:\/\/debossmouv.com\/index.php?rest_route=%2Fwp%2Fv2%2Fmedia&parent=484"}],"curies":[{"name":"wp","href":"https:\/\/api.w.org\/{rel}","templated":true}]}}